 greatest common divisor of c and z.
18
Suppose 29*o = 53 + 1107. Calculate the greatest common divisor of o and 180.
20
Let k be (-4)/14*(3276/(-12))/13. Let g be (-13 + k + 6)*-39. Calculate the highest common divisor of g and 3.
3
Let g be ((-8)/3)/(530/(-48) + 11). Calculate the highest common divisor of g and 12704.
32
Let y = -11402 - -11405. Let a(u) = -4*u - 3. Let h be a(-5). Let g = 44 - h. What is the highest common divisor of g and y?
3
Suppose 443 = 5*z - 12. Suppose -86*l - 680 = -z*l. What is the highest common factor of l and 340?
68
Let w be 22/((-2)/25 + (-504)/(-2550)). Calculate the highest common factor of 33 and w.
11
Let o(c) = 4*c + 1. Let x be o(5). Suppose 17430 = 58*j + 108*j. What is the highest common factor of j and x?
21
Let w(p) = 32*p**2 - 4*p - 1. Let g be w(-1). Let a = 5 + g. Let c(d) = d**2 + 5*d + 5. Let u be c(-5). Calculate the highest common factor of a and u.
5
Let y(u) = -u**2 + 373*u - 1836. Let s be y(5). Let m(n) = -n**3 - 10*n**2 - 12*n. Let g be m(-10). What is the greatest common divisor of s and g?
4
Let u(l) = 34 - 2*l**3 + 3*l - 21 + 3*l**3 + 11. Let k be u(0). What is the highest common divisor of 8 and k?
8
Suppose -188 = 5*p - 438. Let x be (-2255)/(-15) - (-1)/(-3). What is the greatest common factor of x and p?
50
Suppose -22*t + 1868 = -3214. Suppose 5*b = -2*b + t. Calculate the greatest common divisor of 22 and b.
11
Suppose -6 = -v + b + 32, -3*v = -4*b - 120. What is the greatest common divisor of v and 40?
8
Let j(d) = d**2 + 4*d + 94. Let r be j(-15). Calculate the greatest common divisor of r and 2664.
37
Let f be (45/20)/(868/(-176) - -5). What is the greatest common divisor of 3 and f?
3
Let x(v) = 2 - 4*v + 5*v - 2*v**2 + 2 + 1. Let y be x(0). Suppose 10 = 4*w - w + 4*f, -y*w - f = -28. What is the highest common factor of w and 9?
3
Suppose 28*j - 98 = 14*j. Calculate the greatest common factor of 602 and j.
7
Let g = -769414 - -770035. Let a(r) = 47*r**2 + r. Let c be a(-1). What is the greatest common divisor of c and g?
23
Let v(c) = c**2 - 54*c + 696. Let m be v(44). What is the highest common divisor of m and 1600?
64
Let v = 9 - 105. Let r = v - -113. Calculate the highest common divisor of r and 527.
17
Suppose -62 = -2*q - 5*m, -32*q + 2*m = -34*q + 68. Calculate the highest common factor of 3996 and q.
36
Let u(o) = -8*o**3 + 4*o + 4. Let n be u(-1). Suppose -60*r + 260 = -n*r. Calculate the greatest common factor of 3 and r.
1
Let v(a) be the third derivative of -a**6/120 - 7*a**5/60 - 17*a**4/24 - 31*a**3/6 - 7*a**2 + 1. Let t be v(-5). What is the highest common divisor of t and 8?
4
Let p(x) be the third derivative of x**5/30 + 11*x**3/6 - 4*x**2. Let q be p(0). Let w = 53 - q. What is the greatest common factor of w and 14?
14
Let l(a) be the first derivative of -11*a**2 + 16. Let r be l(-3). Let i(y) = 4*y + 140. Let x be i(-24). Calculate the greatest common factor of x and r.
22
Let s(l) = l**3 - 6*l**2 + 8*l - 8. Let i be s(6). Suppose i = -96*y + 98*y. Calculate the greatest common factor of y and 55.
5
Let p be ((-36)/(-45))/((-3)/(-150)). Let b be 288/(-30)*40/(-6). Calculate the greatest common divisor of p and b.
8
Let d be (48/(-40))/(4/(-10)). Suppose -87 = -l - 5*m, d*m = 3*l + 5*m - 326. Suppose 2*x - 48 = l. Calculate the highest common divisor of 32 and x.
16
Suppose 4*m + 5 = -15, -5*m = -2*w + 1759. Suppose -s + 0*k + 3*k + 165 = 0, w = 5*s - k. What is the highest common factor of s and 58?
58
Let q = -307 + 87. Let x = q - -242. Suppose -3*y - 34 = -199. Calculate the greatest common divisor of x and y.
11
Let g be (456/9)/2 - (-4)/6. Suppose -10*z + 1170 = -0*z. What is the highest common factor of g and z?
13
Let k(v) = -5*v - 3. Let h be k(-5). Let r = -147 - -186. Suppose -r = 3*s - 72. What is the greatest common divisor of h and s?
11
Suppose 0 - 6 = -2*v, 15 = -3*c + 4*v. Let f be 9 + 4 - (0 + c). Suppose 15*l = f*l + 120. What is the highest common divisor of l and 15?
15
Suppose -515 = -5*q - 0*q. Let o = -99 + q. Suppose -2*l = o*f - 80, -l + 2*f - 7*f = -28. What is the greatest common divisor of 6 and l?
6
Let m = -744 - -1306. Suppose -3*n + m = -2*l - 9, 5*l = -n + 179. What is the highest common divisor of n and 7?
7
Let g = -17242 - -26701. Calculate the highest common factor of 9 and g.
9
Suppose 637*f - 48 = 640*f, 5*f = -4*p - 40. Suppose -5*h + 3*k = -53, -1 - 2 = 3*k. Calculate the highest common divisor of h and p.
10
Let x be 17/((-1904)/(-84)) + (-82)/(-8). Let g = -139 + 260. Calculate the highest common divisor of x and g.
11
Suppose 2*t - 3*o - 241 = 0, 2*t - o + 2*o - 221 = 0. Suppose -2*d - 10 = -2, -2*d - t = -5*u. What is the greatest common factor of 168 and u?
21
Let j(u) = 645*u + 755. Let p be j(-1). Calculate the greatest common factor of 3982 and p.
22
Let o be 12/5*560/6. Let r = -162 + o. What is the greatest common factor of r and 62?
62
Let t be 703 - (-20)/(5 + -3). What is the greatest common divisor of 93 and t?
31
Let a(t) = -4*t**2 + 43*t - 25. Let w be a(10). What is the highest common divisor of w and 2535?
5
Let l(b) = -72*b + 351. Let n be l(4). Calculate the greatest common factor of 2919 and n.
21
Let l = 65 - 62. Let j(z) = -65*z**3 - 54 + l*z + 103 - 46. Let r be j(-1). Calculate the highest common divisor of r and 5.
5
Let v = -7200 + 7260. What is the highest common factor of 438 and v?
6
Let x be 8*(-1)/1*-6. Suppose -i + 5*k - 31 = 0, 0 = 3*i + 4*k - 8*k - 28. Calculate the greatest common divisor of i and x.
24
Suppose 72*p - 30*p - 596 = 3436. Calculate the highest common divisor of 600 and p.
24
Let n(m) = 5438*m - 1810. Let l be n(3). Calculate the greatest common factor of 37 and l.
37
Let b = -22 - -27. Suppose 4*h - b*m + 31 = 0, -3*h = m + 7 + 2. Let w(u) = u**2 - 5*u - 18. Let g be w(h). What is the greatest common factor of g and 126?
18
Let h = -170 - -798. Suppose 5*c + 598 = h. What is the highest common factor of c and 48?
6
Suppose 5*d = -2*z + 8, -4*d + 22 = -z - 0*d. Let f be (-1)/(-1) - z*(-11)/(-3). What is the greatest common divisor of 184 and f?
23
Suppose 0 = -34*s + 42*s - 16. Suppose -j + 29 = -4*v, -2*j - 10*v = -5*v - 123. Calculate the greatest common factor of s and j.
1
Suppose 0 = -2*p + 4, -5*i + 2*p = -2*i - 11. Let k be 6 - 5/(i/4). Let g = 12 - -6. What is the highest common factor of k and g?
2
Suppose 8*g = 4*g + 16. Suppose -g*d + 9 = -63. Let a = 9 + d. Calculate the greatest common divisor of 18 and a.
9
Suppose 0*r + 55 = 5*r. Suppose 4*c = 8, 4*a + 4*c + 598 = a. Let u = 290 + a. What is the highest common factor of r and u?
11
Let m(l) = -146*l - 2340. Let y be m(-27). Calculate the highest common factor of y and 36.
18
Let g(k) = 4. Let m(p) = -6*p + 41. Let v(b) = 2*g(b) + m(b). Let s be v(0). Calculate the greatest common divisor of 21 and s.
7
Let d = 29 - 22. Suppose r + 5*a - 56 = -d, -5*r - 3*a = -179. Suppose -5*h + r - 4 = 0. What is the greatest common divisor of h and 6?
6
Let c be (-2)/7 - (-422)/7. Let i be 1256/30 + 8/c. Suppose -16*t + 356 - 70 = -50. Calculate the greatest common factor of i and t.
21
Suppose 107640 = -391*n + 463*n. Calculate the greatest common factor of n and 2185.
115
Suppose 0 = 2*n - 903 - 831. Let z = -2489 + 2540. Calculate the highest common factor of n and z.
51
Let y be 93 + (9 - 11)/(2/3). Let f = y + -48. Suppose i + f = 133. Calculate the highest common divisor of i and 7.
7
Let v(q) = 178*q - 46. Let a be v(7). Suppose -33*z + a = -23*z. What is the highest common divisor of 90 and z?
30
Let n be (-852)/(-9)*(-2 - 14/(-4)). Let j = n - 82. Calculate the greatest common divisor of j and 15.
15
Let m = 393 + -391. Suppose -15*o = m*o - 510. Calculate the highest common factor of o and 480.
30
Let f = 51 + -25. Let g(p) = 330*p + 3632. Let v be g(-11). What is the greatest common factor of f and v?
2
Let d(i) = 2*i**2 + 8*i + 20. Let n be d(-4). Let s be (0 - 4/(-2)) + 1. Suppose -s*w - 77 + 377 = 0. Calculate the greatest common factor of n and w.
20
Suppose 0 = -4*c + 19*z - 14*z + 340, 4*c = -4*z + 340. What is the greatest common factor of c and 1207?
17
Let l(c) = -41*c - 383. Let h be l(-37). Let f be (-7)/(-2)*(11 + (-21)/(-3)). What is the highest common factor of f and h?
63
Let k be (-